*b. What is v(p)?
-8
Suppose 10*b - 35 = 85. Let o(g) = -5 + g + 8*g - b*g - 1 + 4. Calculate o(3).
-11
Let t(n) = 15*n - 8 + 11*n + 9*n + 8*n - 41*n. Suppose -3*i + d = -0*d - 19, -5*i - 5*d = -45. Give t(i).
6
Let p(g) = -g**3 + 3*g**2 + 4*g - 3. Suppose -151*c = -155*c - 56. Let t(l) = -l + 4. Let h be t(-3). Let i be (-3 + (-50)/c)*h. Determine p(i).
-3
Let p(i) = -6*i + 5. Let g(t) = -t + 1. Let v(h) = -4*g(h) + p(h). Suppose -2*l = 117 - 107. Let z be -1 - 2*(-6 - l). Determine v(z).
-1
Let z(w) = 11*w**3 + 3*w**2 + 8*w - 16. Let b(d) = 13*d**3 - 36132*d**2 + 36136*d**2 + 3*d + 6*d - 18. Let a(t) = 6*b(t) - 7*z(t). Determine a(-4).
-4
Let p = 690 - 696. Let z(r) = 7*r + 23. What is z(p)?
-19
Let x(q) be the first derivative of -2*q**3/3 - 6*q**2 + 14*q + 599. What is x(-6)?
14
Let w(u) = 1500 + 38*u - 739 - 758. Determine w(-1).
-35
Let s(c) = -c**3 + c - 2. Let p(f) = 2 - 2*f - 14 + f**2 + 11*f - 2*f. Let w be p(-9). Suppose w*g + 6 = 3*g. Determine s(g).
4
Let h(l) = -l**3 - 11*l**2 - 6*l - 72. Let v(c) = c**2 + 15*c + 25. Let a be v(-3). Calculate h(a).
-6
Let l(n) = -256*n - 205*n + 3 + 460*n + 5*n**2. Give l(2).
21
Let h = 3081 - 3074. Let c(q) be the first derivative of -7 - h*q + 1/3*q**3 - 3/2*q**2. What is c(6)?
11
Let j(m) = -6*m - 59. Let l(k) = -7*k**2 + 32*k - 25. Let f be l(4). Calculate j(f).
-5
Let a(s) be the third derivative of -s**5/30 + 34*s**3 - 241*s**2. Let r(v) be the first derivative of a(v). Determine r(-6).
24
Let f(s) be the third derivative of -s**6/120 - s**5/15 + s**4/6 - s**3/2 + 3*s**2 - 128*s. What is f(-5)?
2
Let m(k) be the first derivative of k**5/120 + k**4/12 + 10*k**3 - 174. Let u(d) be the third derivative of m(d). Give u(4).
6
Let i = -916 - -920. Let f(p) = -7*p**2 - 12*p + 3. Let n(x) = 19*x**2 + 34*x - 9. Let b(s) = i*n(s) + 11*f(s). Calculate b(2).
1
Let l(n) = n**3 - 8*n**2 + 10*n - 3. Let d be 3/2 - ((-237)/42 - 16/(-14)). Give l(d).
-15
Let g = -8 + -49. Let k = -51 - g. Let m(n) = -273 + k*n**2 + n**3 - 5*n + 268 + 3*n. Determine m(-6).
7
Let i(a) = -41*a - 17. Let v(y) = -14*y - 6. Let x(g) = 4*i(g) - 11*v(g). Let m = -124374 + 124372. Give x(m).
18
Let z(o) = o**2 + 28*o + 89. Let l be 5/((-175)/(-28)) - -6*(-186)/45. Calculate z(l).
-7
Let k(p) = p + 4. Let g be k(-4). Let m(d) = g*d - d + 0*d + 2*d. Suppose 4*t = 49*z - 51*z - 26, 11 = -4*t + z. Calculate m(t).
-4
Let f(k) = -19*k - 1. Let o(n) = 36*n - 1257. Let l be o(35). What is f(l)?
-58
Let q(w) = -14*w**3 + 51*w**2 + 5*w + 9. Let l(n) = 3*n**3 - 3*n**2 - n - 3. Let i(t) = -5*l(t) - q(t). Give i(-36).
6
Let i(b) = b**2 + 6*b + 2. Let o be i(-6). Suppose -20*j + 16 = -12*j. Suppose j*k + 0 = -o. Let s(c) = -15*c**2 + c. Calculate s(k).
-16
Let u(g) = -4*g - 23 + 27 - g**2 + 3*g. Let v be (0 + (-10)/6)*(-45)/(-15). Calculate u(v).
-16
Let t be 8/(-40) - (-1142)/10. Suppose t = 8*k - 6*k. Let v = k + -53. Let x(f) = -3*f + 6. Determine x(v).
-6
Let y(n) be the second derivative of -n**8/6720 - n**7/360 - n**6/144 + n**5/60 + 17*n**4/3 + 19*n. Let l(g) be the third derivative of y(g). Give l(-5).
-23
Let q(h) = 1 - 5 + 7*h + 3*h - 5*h. Let j = 1494 - 1488. Determine q(j).
26
Let n = 104 + -261. Let h = n - -153. Let c(o) = -o**2 - 2*o - 3. Calculate c(h).
-11
Let h(v) = -1219*v**2 - 6 - 2*v + 2410*v**2 - 4*v - 1196*v**2. Calculate h(-3).
-33
Suppose 0 = 37*d - 34*d - 39. Let p(g) = g**3 - 15*g**2 + 25*g + 15. Calculate p(d).
2
Let g(j) be the third derivative of j**5/30 + 37*j**4/24 + 2*j**3 - 153*j**2 - 3*j + 2. Determine g(-18).
-6
Let h(a) = -a**2 - a + 4. Let q be (4 - 2) + 4 - 18/3. Determine h(q).
4
Let b(x) = 44*x - 192. Let c(i) = -391*i + 1729. Let f(k) = -26*b(k) - 3*c(k). Give f(7).
8
Let h(x) = 86*x - 5*x**2 + 79*x - x**2 + 83*x - 244*x + 4*x**2. Let v(y) = y + 5*y**2 - 4*y**2 + 0*y + 1. Let b be v(-2). What is h(b)?
-6
Suppose 5*r = 35, -68 = -8*h - 3*r - r. Let y(u) = 2*u**2 - 15*u - 9. Calculate y(h).
-34
Let j(r) = -r**2 - 6*r - 3. Let v(k) be the second derivative of k**4/12 + 10*k**3/3 + 59*k**2/2 + 91*k. Let x be v(-16). Calculate j(x).
2
Let o be (3 - 2)*(-19 + 4)/3. Let m(g) be the first derivative of -g**3/3 - 3*g**2/2 + 7*g - 421. Calculate m(o).
-3
Let j(o) be the second derivative of -5*o**3/6 + o**2 + 7*o. Suppose 11*m + 4*t = 8*m + 2, -3*m - 16 = -5*t. Give j(m).
12
Let k(y) be the second derivative of -2*y**3/3 - 7*y**2 - 6*y - 40. What is k(-4)?
2
Let g(x) = x**3 + 2*x**2 - 4*x - 10. Suppose 0 = -62*r - 109 - 15. Give g(r).
-2
Suppose -2 = -2*d + 6. Let z(u) = -3. Let c(p) = p - 12. Suppose 134 = -21*b + 29. Let v(k) = b*c(k) + 20*z(k). Give v(d).
-20
Let y(d) be the first derivative of d**4/4 - 7*d**3/3 + 5*d**2 + 14*d - 1452. Give y(6).
38
Suppose 16 = -6*b + 4*b. Let z = b + 5. Let r(a) = -30*a**3 + 15*a**2 - 38*a. Let o(m) = 11*m**3 - 5*m**2 + 14*m. Let d(y) = 11*o(y) + 4*r(y). What is d(z)?
12
Suppose 22 = -2*q + 29 - 1. Let c(f) = 4*f**3 - 5*f**2 + 3*f - 4. Give c(q).
68
Let s(d) = -65*d**3 - 14*d**2 - d + 4. Let n(o) = -8*o**3 - o**2 - o. Let c(y) = 8*n(y) - s(y). Give c(-7).
-4
Let m(v) = v - 1. Let z(a) = a**2 + a - 12. Let g(x) = 5*m(x) - z(x). Let t = 29 + -25. Suppose -t*u + 33 = 5*f - 2*f, u + 3 = 3*f. Determine g(u).
-5
Let b(r) = r. Suppose -j + 177 = 3*l, 15*j = 5*l + 11*j - 329. Suppose 4*t + 256 = -2*g, -5*t - g = -6*g + 320. Let n = l + t. Calculate b(n).
-3
Let i(b) = b**3 + 5*b**2 - 6*b - 7. Let c be i(-6). Let a(f) be the third derivative of f**5/60 + 5*f**4/24 - 8*f**3/3 - 23910*f**2 + 2. Give a(c).
-2
Suppose j + 4*v - 2 = 0, -4*j - 3*v + 8*v + 8 = 0. Suppose 0 = -j*c + 10. Let u(l) = -21 - c*l + 21 + 4*l. Determine u(4).
-4
Let l(j) = -j**2 + 10. Let h = -16324 - -16321. Determine l(h).
1
Let c = -20 - -18. Let y be c - (3/(-15) + 49/(-5)). Let x(f) = -y*f + 3*f + f + 5*f. What is x(1)?
1
Let j(v) = -27*v**3 - v + 1. Let r(w) = -160*w**3 + 4*w**2 - 32*w + 23. Let x(t) = 6*j(t) - r(t). Give x(-5).
3
Let b(w) = -6 + w**2 - 3*w**2 + 6 + 2 + 2*w + 0. What is b(3)?
-10
Let h = 15 + 9. Suppose n + 22 - h = 0. Let u(g) = -4 - 3*g**2 + 5*g + 6*g + n*g**2 - 21*g. Calculate u(-9).
5
Suppose 4*v + 3*y + 2 = 0, 0 = -v - 7*y + 9*y + 5. Let c(h) = -v + 10 + 15405*h - 15404*h. Let r = 5 + -5. Calculate c(r).
9
Let x(h) = -3*h**2 + 26*h - 4. Let w = 7401 - 7392. Give x(w).
-13
Let z(d) = -26 - 523*d + 217*d + 309*d. Give z(8).
-2
Let q = 86 - 86. Let s(w) = w**3 - 8 + 10*w**2 - 22*w**2 + 3*w**2 + 10*w + q*w**2. Give s(8).
8
Let m(k) = -2*k**3 + k**2 + 2*k. Let i be ((-35)/(-21) + 0)/(1/3). Suppose -i*t - 2 = 4*y, 4*y + 0*t - 5*t = 18. What is m(y)?
-8
Let k(p) = -15*p + 355. Let r = -23672 + 23696. Calculate k(r).
-5
Let x(q) be the first derivative of -q**2 + 2*q - 2. Let z = -100 + 110. Let r be 2/3*z/(220/231). Calculate x(r).
-12
Let u(f) = -5*f**3 - 2*f**2 - 2*f. Let t be u(-1). Suppose t*m - 2*o = 75, 3*m - 2*o - 15 - 34 = 0. Let g(d) = 3*d - 2*d**2 - 7 + m - 5. Give g(-2).
-13
Let a be 2/(3 - (5 + -3)). Let u be ((-132)/110)/((-6)/80*a). Let t(s) = 3*s - 13. What is t(u)?
11
Let d(g) = 1 + 33 - 41*g + 39*g - 8. Give d(0).
26
Let g(y) = y - 2. Suppose -x + 5*r + 120 = 32, -2*r = 4*x - 308. Let f = 81 - x. Suppose 0 = 3*b + 4*k + 2, f*b + 3*k - 7*k = -34. Calculate g(b).
-8
Let w(g) = -g**3 + 5*g**2 + 2*g - 5. Let d be w(4). Let z(h) = -8557*h + d + 8559*h - 4. Give z(-6).
3
Let n(v) = -17*v + 85. Let j be ((-15)/(-2))/(-2 - (-77)/22). Determine n(j).
0
Let s(o) = -84*o - 40. Let m(a) = -16*a + 1. Let x(r) = 5*m(r) - s(r). Calculate x(-7).
17
Let w be -1 + (44 - -4*(-3)/(-6)). Suppose -4*o + 30 = 2*b - 6*o, 0 = -4*b - o + w. Let i(d) = -d**2 + 11*d + 4. Give i(b).
-8
Let c(b) = 24*b - 7*b - 4*b - 7*b. Let n(j) = -18*j - 1. Let d(k) = 8*c(k) + 3*n(k). Let h = 44 - 48. Give d(h).
21
Suppose -10 = -208*g + 213*g. Let n be (-136)/(-16) + g/(-4). Let p(o) = -o**3 + 10*o**2 - 8*o - 8. What is p(n)?
1
Let o(k) = -11*k**2 - 4*k + 8. Let c(i) = 2*i**2 + i + 3. Let r(l) = -5*c(l) - o(l). Determine r(0).
-23
Suppose 4*r + 15 + 9 = 0. Suppose 41 + 3 = q - y, 211 = 4*q + 3*y. Let u(d) = q*d**3 + d**2 + 52*d**3 + 8*d + 2*d**2 + 6 + 4*d**2 - 100*d**3. Give u(r).
-6
Let q(s) = -3*s + 2. Let a be q(2). Let m(z) = -4*z - 5*z + 41352 + 7*z + 41345 - 124061 + 41350. What is m(a)?
-6
Let k(h) = -17*h**3 - 